aluate 8 + -8 + 4 + 10 + (0 - -1).
15
What is the value of 3 + 25 + 98 + -117?
9
Evaluate 2 - (-22 + (3 - (6 + 1 - -3))).
31
What is the value of -121 - -112 - (1 - 2)?
-8
Evaluate (-4 - (-15 - 0 - -2)) + 17.
26
Calculate -2 - (-8 - -33 - 35).
8
What is (1 - 25) + (-3074 - -3084)?
-14
What is the value of 10 + (-2 - (-6 + 8))?
6
Calculate (-1 - -12) + 19 + -36 + -5.
-11
What is 14 - 26 - (12 + (-5 + 5 - 5))?
-19
What is the value of 10 + (12 - (18 + -11 + 27))?
-12
Calculate (1 - 0) + 2 + 1 + -20 + 8.
-8
What is the value of -6 - (-3 + 5) - (-4 + -32)?
28
-36 + (3 - 28) + 40
-21
(11 - 10) + -12 + 4 + 4
-3
Calculate 1 + -19 - (142 + -141 - (-1 - -5)).
-15
What is 13 + -1 + -7 + 13 + -1 + -6?
11
13 + -7 + 2 - (-4 + -4)
16
Calculate 7 - (97 - 99 - (-7 + -1)).
1
Calculate (18 - 16) + 4 + -4 + -6.
-4
3 + -10 + (-1 + -2 - -11)
1
What is -7 - (3 - (21 + -12 + 8))?
7
Calculate 1 + 16 - (-92 - -100) - -2.
11
1 + -9 + 3 + -2 + 10 - -1
4
76 + -34 - 60 - 17
-35
What is the value of 10 - -12 - 32 - 14?
-24
14 - 24 - -2 - 5
-13
Evaluate (1 + 1 - (13 - -30)) + 7.
-34
What is 116 + -94 - (-2 - (-3 + 0 + 0))?
21
What is the value of -20 + (-7 - -19 - 0)?
-8
-5 + 14 + -9 + -3
-3
Evaluate (-3 - -6 - 9) + (-8 - (-9 - -7)).
-12
What is the value of -4 + (7 - (0 - 4)) + -6 + 5?
6
What is the value of 25 + (21 - 19) + (4 - 0)?
31
What is the value of -16 + (15 - 22) + 13?
-10
-3 - (2 - 11 - -1 - 3)
8
Evaluate 1 + 9 - (12 + 16 - 29).
11
What is -4 - ((1 - 0) + 3) - (-4 - -3)?
-7
What is the value of -18 - (6 - (10 - 5 - (5 - 11)))?
-13
Evaluate -46 + 59 + -6 + -30.
-23
Calculate -358 - -339 - (-1 + 10).
-28
What is the value of (-2 - 11) + (9 - (0 - -4)) - -33?
25
What is (13 - (-7 + 13 + -1) - 12) + 5?
1
Calculate 27 + (-47 - -25) - (-1 - 2 - -15).
-7
Evaluate -11 + (5 - 2) - ((0 - -1) + -3).
-6
What is the value of -9 - 1 - (39 - (-5 + 31))?
-23
Evaluate -27 - (-46 - -15) - (-11 - 0).
15
Evaluate 17 + (-11 + -8 - -4).
2
What is 2 + 2 + 5 + -18 - -5?
-4
What is -7 - ((-13 - -27 - 14) + -1 + -45)?
39
Calculate 0 + 4 - (13 + -15 - -9).
-3
What is 5 + (2 - (84 + -42))?
-35
What is -12 + (-6 + 13 - 12) - -7?
-10
Evaluate 11 + -42 + 10 + -10 + (0 - 0).
-31
Calculate -6 + (-6 - -12 - 3) + 20 + -32.
-15
Calculate (16 - (5 - 7)) + 1.
19
-16 - (-1 - (-7 + -5 + 6 + 4))
-17
What is 14 - (37 - 12) - -27?
16
7 + -7 + 0 + 10
10
What is the value of -11 + -4 + 0 + 7 + 22?
14
Calculate -7 + (11 + 1 - 41).
-36
Calculate -7 + -1 + (-83 + 85 - (7 - 2)).
-11
Evaluate -12 + (-18 - (-42 + -8)).
20
What is (-36 - -7) + (11 + -16 - (-2 + -3))?
-29
Evaluate -15 + 11 + 7 + -2.
1
What is (-1 - -13) + (23 - 37) + 5?
3
Evaluate (-1 - -3) + -102 + 90.
-10
(4 - 1) + 17 - (14 - (10 + 0))
16
-34 + 28 + 16 + (-1 - (1 + -1))
9
Evaluate 93 + -97 + (20 - 1) - 4.
11
Calculate -4 + (2 + 1 - 7) + 0 + 9.
1
Evaluate 16 + -2 - ((5 - -15) + -14).
8
-62 - (-44 - (-38 + 39))
-17
What is the value of (3 - 1) + -1 - (-6 + 0) - -11?
18
What is the value of 7 + -23 - (-24 - 5)?
13
What is 0 + 2 + (14 - (25 - 4))?
-5
Evaluate -6 - 3 - (-8 + (1 - 6)).
4
Calculate 7 + -10 - (31 - 47).
13
Calculate -54 - -23 - (-15 - 3).
-13
Calculate -6 + 0 - (-13 + 8).
-1
What is -2 + (-9 - (-8 + 3 - (1 + 3)))?
-2
Evaluate (-68 - -82) + (2 - 24).
-8
Evaluate (-14 - (-10 - (-6 - 19))) + 8.
-21
Calculate -2 + (-12 - (-5 - 1) - -13) + -20.
-15
Calculate (1 - (3 - (-17 + 3))) + (27 - 19).
-8
Evaluate 7 - (5 - (8 - (-5 - -14))).
1
Evaluate 35 + (0 - -1 - 8) + (0 - 2).
26
What is the value of (1 - 7) + -2 + 0 + 7?
-1
15 - (-22 + 35 - 1)
3
-1 - 30 - (3 + -4 + 15 + -21)
-24
What is (-36 - -2 - -13) + -12?
-33
What is the value of -13 + (-10 - (-31 - (-1 + 11)))?
18
What is the value of (7 - (6 - 2)) + -3 - (-12 + 4)?
8
Calculate 15 - (-6 - (-4 - 5 - 0)).
12
What is (-11 + -5 - -17) + (0 + -3 - 30)?
-32
Evaluate -1 + 5 + -2 + 7 + -1 - 30.
-22
Evaluate (-3 - 22) + (-43 - -56).
-12
What is the value of -37 - (-13 + 12 + -5)?
-31
What is 0 + -5 - (-22 - -9 - -4)?
4
Evaluate 3165 - 3166 - (0 + 1 - -17 - -1).
-20
Calculate -1 + 2 + (-411 - -431).
21
What is the value of -12 - (-12 + 0 - (-86 + 68))?
-18
What is (0 - 17) + -4 + 23?
2
Evaluate (30 - (40 + -28)) + -31.
-13
1 + -8 + (-7 - -3) + -3 + 3
-11
What is -33 + -5 + 5 + 6 + 7 - 4?
-24
What is (-19 - (7 - 16)) + 14 + 11?
15
What is the value of 6 - (-12 + -7 + (7 - -3))?
15
What is (1 - -9) + (15 - -7 - 19)?
13
Evaluate 67 - 73 - (-10 - 2).
6
(-6 - -10) + (-1 - (3 - 14)) + 5
19
What is the value of 7 + -1 + -2 + -7 - -3?
0
What is the value of -4 + 8 + (13 - (4 + -5))?
18
Evaluate -1 - -2 - 4 - (14 + -4 - 1).
-12
What is the value of 6 + -62 - (-92 + 48)?
-12
What is -20 + -1 + 1 + 11?
-9
What is the value of (-1 - (-2 - -2)) + 1 + (-7 - -2)?
-5
Evaluate 11 + (-45 + 38 + 4 + 1 - -3).
12
What is 26 + -1 + (339 - 344)?
20
What is -11 + (-2 + -1 - (-1 - 25))?
12
5 - (-13 + 10) - 13 - (0 - -4)
-9
19 + (6 - 13) - 3 - 10
-1
What is -26 + -27 + 61 + 15?
23
Evaluate -14 + 2 + (153 - 144).
-3
Evaluate (-2 - (2 - 1)) + (17 - 9) - 4.
1
What is the value of 6 + (-8 - -17) + -3 + 3?
15
Evaluate 4 - 1 - -11 - 8.
6
What is the value of (-24 - (-7 + -6)) + 5?
-6
Evaluate (-7 + -5 - (-10 + 4)) + 12 + 5.
11
(-2 - (-17 - (-5 + -2))) + -16
-8
What is -33 + 20 + -5 + 2?
-16
What is the value of 7 - ((19 - 18) + 19)?
-13
What is 5 + 0 + (18 - (8 + 16)) - 6?
-7
-6 + 8 + (-10 - -4 - -2)
-2
-18 - (-15 + -2 + -4)
3
Evaluate -13 - ((-6 - -3) + -17 + 9).
-2
What is -6 + (-2 - ((4 - (4 - -16)) + 1))?
7
Evaluate -8 - -18 - (42 + -45).
13
Calculate -7 + 10 + 7 + (-13 - -4).
1
Calculate 1 - 4 - (26 + (12 - 24) - 12).
-5
What is 0 + -9 - -16 - -3 - -4?
14
What is -10 + (21 - (-7 + 9)) + -38?
-29
What is -256 + 259 + 0 + 1?
4
Calculate (-5 - 2) + (-6 - -2 - (-5 + 0)).
-6
What is the value of 2 + 7 + 15 + (8 - 21) - 17?
-6
Calculate -6 + 4 + 9 + -16 + 7.
-2
What is 1 + -3 + -28 + 35?
5
Calculate 5 + 0 + -1 + -4 + -11.
-11
2 + -2 + 21 + -9 + -40
-28
Evaluate -18 - 12 - (-29 + -41).
40
Calculate 13 - 2 - 5 - (19 - (2 + -6)).
-17
-10 + (32 + -21 - (8 + -3 - -1))
-5
What is the value of (-3 - 6 - -7 - -13) + -11?
0
63 - 76 - (-15 - (-7 + 1))
-4
What is 1 + (2 - 3) - (-47 - -42)?
5
What is -2 - ((9 - 8 - -6) + -10)?
1
Calculate (2 - -11) + (27 - 15) + -31.
-6
Calculate -9 + 8 + (9 - 0) + 77 + -105.
-20
What is the value of 8 + (8 - 39) - -24?
1
What is the value of -10 + 16 + -4 + -8 + 12?
6
Evaluate 42 + 0 + (-2264 - -2244).
22
What is the value of -2 + 1 - (14 - (22 + -7))?
0
What is the value of (17 - 10) + -26 + 7 + 7?
-5
What is -3 - (3 - -1 - (-10 - (4 + -30)))?
9
Evaluate (0 - 7) + (9 - (27 + -10 + -3)).
-12
Calculate 8 + -6 - (4 - 21 - -2) - 8.
9
Evaluate -1 + 2 - (10 - (7 - -21 - 15)).
4
Evaluate 4 + -14 + 8 + 8 + -21.
-15
-2 + (1 - 1) + 13 + -20
-9
What is the value of -8 + 15 + -3 + (7 + -7 - -25)?
29
What is 7 + (4 - (6 - -1)) + 6?
10
What is 13 + -1 - (-32 + 9 + 20)?
15
Evaluate (-4 - -3 - 6) + 16 + (-5 - 4).
0
1 + 20 - (-40 + 51)
10
What is the value of -10 + (23 - (29 + -44))?
28
What is the value of 7 + (-6 - -4) + (2 - 4) + -5?
-2
What is -1 + (7 - (-9 + 1) - -4)?
18
What is -3 + 5 - (9 - 16 - -27)?
-18
What is (5 - 33 - -65) + -33?
4
Evaluate 1 - 11 - (1 + -1 + 55 + -50).
-15
Evaluate -8 - 5 - (-16 - -1).
2
(-5 - ((-14 - 2) + 3)) + 1
9
What is the value of 7 + (-9 - -3) + -9 + 19?
11
-2 + 3 - (-20 + (-1 - -11))
11
What is the value of (0 + -3 + 0 - -4) + (-746 - -758)?
13
(2 - 2) + -2 + (-12 - (7 - 7))
-14
Calculate -9 + 0 + -5 + 20 + -4.
2
What is the value of 4 + (-18 + 7 - (-29 - (-12 - -12)))?
22
7 + (1 - 7) + -3 - 9
-11
16 + -23 + (-2 + 1 - -23)
15
What is -1 - (-3 - (5 + -11) - (-5 - 1))?
-10
What is (15 - (12 + 0)) + 4?
7
What is 6 - (30 + -21 + (-6 - 1)) - -7?
11
What is the value of 13 + -22 + (5 - -15)?
11
What is the value of -10 + (1 + 4 - 0) - 3?
-8
Calculate -11 + (-5 - 4 - (12 + -16)) + -1.
-17
(21 - 11 - 14) + (-1 - (-6 - -2))
-1
Calculate (-11 - -1) + -43 + 49 - 2.
-6
What is 9 - (-20 - -4) - (13 - -7)?
5
Evaluate -3 - (-4 - -7) - (-6 + 2) - -6.
4
What is the value of -4 - ((1 - 8) + 3 + 11 + -16)?
5
(-208 - -223) + -14 + 0
1
What is (-20 - (6 - 12)) + 8?
-6
Evaluate 10 - (2 + 6 + -5) - 0.
7
Evaluate -24 + (31 - -3 - 26).
-16
What is 0 + -5 - (-14 + 8 + 4)?
-3
What is -7 - -2 - (-138 + 147)?
-1